 2). Suppose 0 = -76*n + 84*n. Let x(l) = n*l + k*l - 7*l. What is x(4)?
-4
Let h(p) = -p**2 - 2*p + 1. Let i(s) = -s**2 + 4*s + 16. Let z(x) = 2*h(x) - i(x). Determine z(-4).
2
Let d(h) = 3*h**2 - 5*h - 9. Let t(w) = -w**2 + 2*w + 2. Let v(l) = -2*d(l) - 4*t(l). Determine v(7).
-74
Let d(g) = 2*g - 1. Suppose -3*n - 7 = -4*t, 3*n + 8*t + 21 = 5*t. Calculate d(n).
-11
Let c(m) = m**3 + 4*m + 1. Let b(w) = -3*w**3 + 7*w**2 - 14*w + 2. Let x(q) = b(q) + 2*c(q). Give x(4).
28
Let k = 3 - 0. Let a(d) = 5*d - 9. Let h be a(k). Let r(s) = s**3 - 7*s**2 + 6*s. Calculate r(h).
0
Let y(p) = p**3 - 4*p**2 + p - 8. Suppose -4*v + 16 = m, 3*v = -m - 4*m + 29. Let l be y(m). Let g(b) = b**2 + 1. Calculate g(l).
17
Let i(j) = -1. Let w(m) = -4*m - 29. Let a(n) = 6*i(n) + w(n). Give a(-8).
-3
Let t = 18 - 31. Let s be (-19 - t)*(-2)/6. Let k(i) = i**3 - 1 - 2 - 4*i**s - 3*i + 3 - 5. Determine k(5).
5
Let c = 187 + -106. Suppose c = -2*y + 91. Let u(j) = 2*j - 4. Determine u(y).
6
Let b(o) = -10*o + 70. Let k be b(7). Let r(a) = a - 3. Let g(y) = y - 2. Let i(d) = -4*g(d) + 5*r(d). Determine i(k).
-7
Let u(x) = 13 + 15 - x**3 - 7*x + 8 - 50 - 7*x**2 + 12. Suppose r = -0*r - 5. What is u(r)?
-17
Suppose -2*z + 4*b = -11 - 1, -4*z - 31 = 3*b. Let p(m) = 3*m + 3 - 2*m + 0. Determine p(z).
-1
Let b(x) = -11*x**3 + 6*x**2 + 3*x**3 + 4*x**3 - 5*x**2 - 1. Let d be (1/5)/((-9)/45). Calculate b(d).
4
Let n(y) = 6*y + 6 - 12 + 5. Let h be n(3). Suppose 4*m + 5*a + h = 0, 4*a - a = -2*m - 11. Let t(p) = -2*p**2 + 2*p - 2. Determine t(m).
-6
Let h(i) be the first derivative of -2*i**3/3 + 17*i**2/2 + 23*i - 39. Let d(c) = -c**2 + 9*c + 12. Let j(w) = -7*d(w) + 4*h(w). Let o = 10 - 4. Calculate j(o).
2
Let r(f) = 0*f + 1232*f**2 + 1 + f**3 + 0 + 0*f - 1222*f**2. Calculate r(-10).
1
Suppose 2*k + 58 = 5*w, 0 = 3*k - 4*w + 21 + 52. Suppose 0 = 5*u - 5, v - u + 22 = -0*u. Let b = k - v. Let n(c) = c**3 - 2*c - 1. What is n(b)?
3
Suppose 18*l - 33 = 29*l. Let i(k) = 9*k + 8. Let y(g) = 18*g + 15. Let m(n) = 7*i(n) - 4*y(n). Give m(l).
23
Suppose 115 = 12*y + 127. Let t(s) = -4*s - 9. Calculate t(y).
-5
Let q(u) be the second derivative of u**3/2 - 5*u**2/2 - 17*u. Suppose 3*g + 93 = 108. Determine q(g).
10
Let t(m) be the first derivative of m**2 + 7*m - 631. What is t(0)?
7
Let k = -481 + 484. Let z(h) be the first derivative of 8 + k*h - 1/2*h**2. What is z(7)?
-4
Let h(n) = -6*n - 13 + 8*n**2 + n**3 + 1 - 5*n. Let p(w) = -2*w**3 + 48*w**2 + 9*w - 225. Let s be p(24). Calculate h(s).
6
Let t(b) = -24*b**2 + 7*b - 30. Let r(c) = 6*c**2 - 2*c + 7. Let v(k) = 9*r(k) + 2*t(k). Suppose 4*a = i + 4*i - 18, 5*i - 3*a - 16 = 0. Determine v(i).
19
Let p(j) = -j**3 + 8*j**2 - 4*j - 8. Let s = -522 + 529. Determine p(s).
13
Suppose -c - 3*q = 14, 4*c + 2*q + 16 = -2*q. Let v(h) = 8*h**2 - 1. Give v(c).
7
Let o(s) = -s**2 + 7*s - 4. Let z be o(6). Let g(m) = 6*m**2 - 1 + 5*m + 3*m**3 - 2*m**3 - z. Let y(b) = 159*b - 1594. Let w be y(10). Calculate g(w).
9
Let v(n) = 11*n - 1. Let i(u) = u**3 - 15*u**2 - 32*u - 29. Let m be i(17). Calculate v(m).
54
Let s(r) = 6*r - 3. Suppose -5*t + 7*t = -8. Let z be 1/(-2 - 10/t). What is s(z)?
9
Let y(l) = 6*l**2 + 28*l + 33. Let t(v) = 4*v**2 - 1. Let z(i) = -2*t(i) + y(i). Determine z(15).
5
Let b(d) = -47*d**2 + 27*d - 12 + 44*d**2 - 20. Let w(f) = -f**2 + 9*f - 10. Let u(a) = 2*b(a) - 7*w(a). Calculate u(7).
-8
Let o(b) be the first derivative of -b**4/4 - 4*b**3/3 + 2*b**2 - 6*b + 1273. Let u(k) = -k**2 + 3*k. Let t be u(3). Let l = -5 - t. Give o(l).
-1
Suppose 0 = 5*h + 3*c + 9, -8 = 2*c - 2. Suppose h = -w - 2*m + 14, m = -0*m + 5. Let i(k) = -7 + 1 + k + 0*k. Determine i(w).
-2
Suppose -3*c - 2*j = 2*c - 2, -5*c + 3*j + 22 = 0. Suppose 0*d - c = -d. Let a(y) = -22*y + 5. Let r(h) = 8*h - 2. Let o(b) = -3*a(b) - 8*r(b). Determine o(d).
5
Let b(h) = h - 12. Let o be b(11). Let v be (-3)/(-1) - (2 - 0). Let a be (v + o)/(-13 - -11). Let m(l) = -l + 3. What is m(a)?
3
Let k = 10 + -6. Suppose 5*g = 24 - k. Let c(r) = 3*r - g + 1 + r. What is c(2)?
5
Let g(b) = -b**2 + 3*b - 4. Let y = 60 + -56. Suppose y*f + 7*x - 17 = 2*x, 4*f - 3*x - 9 = 0. What is g(f)?
-4
Suppose -5*u - 3*v + 11 = 0, 0 = 3*u + u - v - 19. Let n(w) = -2*w - 8. Let x(b) = 5*b + 23. Let r(z) = 8*n(z) + 3*x(z). What is r(u)?
1
Let j = -2032/3 - -679. Let a(y) be the first derivative of -3 + 0*y - j*y**3 - 1/2*y**2. Determine a(-1).
-4
Let h(s) = -s**3 - 4*s**2 - 5*s - 4. Let a be h(-3). Let l(t) = 6*t**2 + 4 + t**3 - 5 + a + 5. Let n be (-5 - -3)/(3/9). Calculate l(n).
6
Let s be (-385)/(-14) + (-3)/2. Let o = 26 - s. Let t(p) = 1 + 11 - 1 - p. Determine t(o).
11
Let x(z) be the third derivative of z**7/840 - z**5/120 - z**4/6 - 9*z**3/2 + 4*z**2. Let y(q) be the first derivative of x(q). Calculate y(0).
-4
Let j be (-4)/(0 - (-6)/9). Let m = j + 20. Suppose 3*q + z - m = -0*z, 2 = -q - 2*z. Let a(t) = t**2 - 4*t - 2. Determine a(q).
10
Let y(c) be the second derivative of -c**7/2520 + c**6/240 + c**5/60 - 13*c**4/12 - 14*c. Let i(u) be the third derivative of y(u). Determine i(3).
2
Let v be ((-25)/(-10) + -4)*(-4)/6. Let x(c) = 8*c + v + c**2 - 7*c + 2. Give x(0).
3
Let o(b) = b**3 - 23*b**2 - 25*b + 29. Let t be o(24). Let p(m) be the third derivative of -m**2 + 0 + 0*m + 1/6*m**3 - 1/8*m**4 + 1/30*m**t. What is p(2)?
3
Let y(z) = z**2 + z + 4. Let u be ((275/15)/(-11))/(2/6). Determine y(u).
24
Let q(r) = r**2 + 43*r - 385. Let a be q(-51). Let t(y) = -y**3 + 22*y**2 + 23*y - 8. Determine t(a).
-8
Let t(m) = -9*m - 1. Let a(u) = -3*u**2 - 25*u + 10. Let i(p) = 2*p**2 + 13*p - 5. Let x(q) = -4*a(q) - 7*i(q). Let s be x(4). Calculate t(s).
8
Suppose -f + 2 = -d, -3*f + 5*d + 1 = 3. Let q(c) be the third derivative of c**4/12 + 5*c**3/6 + 92*c**2 - 6*c. Determine q(f).
17
Let l(x) = 4*x - 4. Let v(i) = -5*i + 5. Let p(n) = 4*l(n) + 3*v(n). Give p(-4).
-5
Let z(n) be the third derivative of -n**4/24 + 3*n**3/2 + 2*n**2 - 6. What is z(9)?
0
Let c(f) be the first derivative of -7*f**4/4 + f**2/2 + f + 5. Let b be c(-1). Let j(x) = x - 1. What is j(b)?
6
Let u(r) be the second derivative of -16*r + 0 + 2/3*r**3 - r**2. What is u(-2)?
-10
Let y(t) = 2*t + 10. Suppose -3*m + 2*g = 29, 2*m - 10 = 2*g - 30. Give y(m).
-8
Suppose 5*m + m - 30 = 0. Let i(k) = -12 - 11 - m*k**2 + 9*k + 22 + 4*k**2. Determine i(5).
19
Let i(u) = 4*u - 4. Let f = -878 + 877. Determine i(f).
-8
Let r(z) be the first derivative of -z**5/60 - z**4/6 - 4*z**2 - 12. Let s(l) be the second derivative of r(l). Calculate s(-6).
-12
Let u(n) = 4*n**3 - 4*n**2 + 9*n - 4. Let v(f) = 3*f**3 - 4*f**2 + 7*f - 3. Let k(p) = -4*u(p) + 5*v(p). Give k(-4).
5
Suppose j + 1 = 2, 5*w = 4*j + 6. Let p(o) = -1 - o**3 + 9*o**2 - 2 + 2*o - 7*o**w + 2. Determine p(2).
3
Let f(t) = -14*t - 6*t - 4 + 13*t - 14. Determine f(-4).
10
Let j(x) = -x**3 + 3*x**2 - 2*x - 2. Let s(i) = 2*i**2 - 12*i + 2*i + 10*i. Let o be s(-1). What is j(o)?
-2
Let s(l) = -2 + l - 2*l**3 + 2*l**2 + 1 + 0*l. Let p(j) = -173*j + 694. Let x be p(4). What is s(x)?
-7
Let i(v) = 2*v**3 + 11*v**2 + v - 2. Let w be (-144)/24 - (2 - 3). Determine i(w).
18
Suppose -26*a + 37*a + 22 = 0. Let q(d) = -d**2 + 5*d. Let y be q(4). Let b(k) = -4 - 5*k + y. What is b(a)?
10
Let h(f) = -3*f - 11. Let m be h(-5). Suppose -2*n = -m*n. Let u(t) = 2*t - t**3 - 2*t**2 - 6*t + 0*t + n - 2. Calculate u(-2).
6
Let q(u) be the third derivative of -u**4/24 - u**3/3 + 128*u**2. What is q(6)?
-8
Let o(g) = -g**2 + 7*g. Let s = 11 + -7. Let v = 7 + -4. Suppose 0 = -4*r - v*q - q + 16, s*r - 26 = q. Give o(r).
6
Let l(c) = c**2 + 8*c - 6. Let u(h) = -h**2 - 17*h + 11. Let i(p) = 5*l(p) + 2*u(p). Let t(q) = -q**2 - q + 1. Let o(f) = i(f) + 2*t(f). What is o(-5)?
-1
Let o(i) = -3*i + 5. Let h(c) = -8*c + 14. Let j(a) = -6*h(a) + 17*o(a). Let z = -4 - -6. Let y be 1 + -2 + z - 4. Determine j(y).
10
Suppose 0 = 5*d + q - 65, 5*d - q - 5 = 60. Let w(f) = -15*f**3 + 25*f**3 + 3*f**2 - 1 - d*f**3. Let l be 2/(-7) + 16/7. Determine w(l).
-13
Let h(k) be the first derivative of 2*k**3/3 + 9*k**2/2 + 9*k - 550. Calculate h(-6).
27
Let n(h) = 2*h**3 + h**2 - h + 1. Suppose -6*y = -11*y + 215. Let z = y - 41. What is n(z)?
19
Let l(f) be the second derivative of f**4/12 + 10*f**3/3 + 19*f**2 + 3